t be (-3)/3 - (4 - 15). Suppose -2*z + 15 = 3*s - 3*z, 2*s + 5*z = t. Suppose -10 = -i - s. What is the remainder when 14 is divided by i?
4
Let x = -13 - -10. Let m be ((-1)/x)/(11/264). Suppose 4*b = m*b - 68. Calculate the remainder when 67 is divided by b.
16
Let w(h) = 7*h + 1. Suppose -3*q + 44 + 91 = 0. Suppose 77*o - q = 74*o. Calculate the remainder when w(4) is divided by o.
14
Suppose -183*o + 194*o - 1474 = 0. Calculate the remainder when o is divided by 20.
14
Let p(q) = -q**2 + 14*q - 15. What is the remainder when 79 is divided by p(12)?
7
Suppose 6*o - 17*o = -12870. What is the remainder when 69 is divided by 4/(-3)*o/(-104)?
9
Let j = 1 + 11. Let k(r) = 2*r**2 - r - 5. Let h be k(5). Let d = h - 18. What is the remainder when d is divided by j?
10
Let g = -44 + 70. Let f = 38 + -31. Suppose -2*z - f = 5*b - 167, b = z - 73. Calculate the remainder when z is divided by g.
23
Suppose -21 = -2*j - 3. Suppose -132 = -j*g + 6*g. Calculate the remainder when g is divided by 23.
21
Suppose -693*r = -695*r + 194. What is the remainder when r is divided by 22?
9
Suppose 4*a + 22 = 5*a. Calculate the remainder when 483 is divided by a.
21
Suppose 0 = g - 5, -3*n + 26*g - 27*g + 29 = 0. What is the remainder when 574 is divided by n?
6
Let y(j) be the second derivative of 13*j**3/3 - 3*j**2/2 + 12*j. Suppose 0 = 3*g - 2 - 34. Calculate the remainder when y(1) is divided by g.
11
Let o(s) = 21*s - 217. What is the remainder when o(11) is divided by 5?
4
Suppose g + c = 18, 4*g - 3*c = 5*g - 24. Let a = 93 + -6. Calculate the remainder when a is divided by g.
12
Let u(l) = -l**3 - 18*l**2 - l + 21. What is the remainder when u(0) is divided by (2 - 4 - 0) + 8?
3
Let k = 127 + -121. Suppose -k*v - 34 = -196. What is the remainder when 49 is divided by v?
22
Let u(j) = 3*j**2 - 3*j - 33. Calculate the remainder when u(-5) is divided by 34.
23
Suppose -55*d + 2534 = -3076. Calculate the remainder when d is divided by 9.
3
Suppose 5*w = -19*c + 18*c + 55, -3*c + 165 = 5*w. What is the remainder when 164 is divided by c?
54
Let u = -280 + 377. Calculate the remainder when 204 is divided by u.
10
Suppose -a + 16 = -4*q - 21, -54 = -2*a - 2*q. Calculate the remainder when 47 is divided by a.
18
Let d = -128 + 135. Calculate the remainder when 44 is divided by d.
2
Suppose -3*w = -4*z + 1998 + 125, 3*w - 2117 = -4*z. What is the remainder when z is divided by 28?
26
Suppose -v - 3 = 4*d, 5*v + 22 - 99 = 3*d. Let w(t) = t + 50. Let p be w(0). Suppose 0 = 3*s - 2*s - p. What is the remainder when s is divided by v?
11
Calculate the remainder when 42/4*16/6 is divided by (16/(-12))/(0 + (-3)/18).
4
Let p be (0 - (-175)/1) + 1. Let b = p + -113. Suppose -941*j + 256 = -925*j. Calculate the remainder when b is divided by j.
15
Suppose -9*x = -14*x + 620. Suppose 4*z = 4*v + x, -2*z - 129 = -6*z + 5*v. Calculate the remainder when z is divided by 14.
12
Let b(r) = -10*r + 30. Let n be b(-16). Let x = n + -97. Calculate the remainder when x is divided by 19.
17
Let j = 93 - 53. Let n = j - 36. Calculate the remainder when n is divided by 4.
0
Suppose 5*a - 1 = 29. Suppose 3*y = a*y - 45. Calculate the remainder when 73 is divided by y.
13
Suppose 2*k + 5*r - 557 = 0, -10*k + 5*r = -11*k + 286. What is the remainder when k is divided by 25?
21
Let n(p) be the third derivative of -p**6/120 + 11*p**5/60 - 3*p**4/8 + p**3/2 - 3*p**2. What is the remainder when (-50)/3*(-30)/25 is divided by n(10)?
7
Let w = -76 + 124. Let o = 14 - -14. Let d = o - 11. Calculate the remainder when w is divided by d.
14
Let m(r) = 2*r + 54. Calculate the remainder when 759 is divided by m(-8).
37
Let d = 16 - 11. Suppose -w - d + 2 = 0, 5*j - 34 = 3*w. Suppose 2 = -z - 4*f, 0 = -j*z + 3*f + 2*f + 65. What is the remainder when 29 is divided by z?
9
Let t(b) = -b**3 + 8*b**2 + 8*b - 20. Let l be t(8). Suppose 3*i - l - 15 = 4*v, -44 = -3*i + v. Calculate the remainder when 36 is divided by i.
10
Suppose -v + 13 - 2 = 0. Let o = 12 - v. Suppose -o = 3*a + 5, -4*k + 2*a = -32. Calculate the remainder when 11 is divided by k.
4
Suppose -a + o + 74 - 25 = 0, 0 = -4*a + o + 190. Calculate the remainder when 122 is divided by a.
28
Suppose 0 = -5*c + b + 665, 0 = 2*c + 4*b - 375 + 109. What is the remainder when 152 is divided by c?
19
Let d(p) = p**3 + 13*p**2 + 22*p + 22. What is the remainder when 43 is divided by d(-11)?
21
Suppose -323 - 892 = -45*i. What is the remainder when i is divided by 27?
0
Let z(j) = 60*j - 110. What is the remainder when z(7) is divided by 80?
70
Let m be (-6)/(-15) - 242/5. Let k = m - -68. Calculate the remainder when 0/(-4 + 3) + 59 is divided by k.
19
Suppose 3*k = -5*w + 163, w - 6*k + 7*k - 33 = 0. Calculate the remainder when 255 is divided by w.
31
Let a be (-2)/(-3) - 38/(-6). Suppose -3*u - 36 = -a*u. What is the remainder when (-2 + 0)/(4/(-52)) is divided by u?
8
What is the remainder when 111 is divided by ((-23270)/(-30))/13 - (-2)/6?
51
Let b(i) = -8*i**3 + 3*i**2 + i - 2. Calculate the remainder when 286 is divided by b(-2).
70
What is the remainder when 1592 is divided by (46 - 10)/(-3 + 6)?
8
Let z be -2*6/(2 - 4). Suppose 0 = -4*i + 2*i + z, i - 135 = -3*j. Calculate the remainder when j is divided by -2 - 1 - (5 - 23).
14
Let l be -146*(-5)/(-40)*-4. Suppose -19 + l = k. What is the remainder when k is divided by 32?
22
Suppose g - 2*g = -2. Suppose -4*p + 2*m + 174 = 0, -g*p - 2*p - 4*m + 156 = 0. Calculate the remainder when p is divided by 23.
19
What is the remainder when 174 is divided by (4/(-8))/(1/(-90))?
39
Let k = 26 - 31. Let m(o) = -o**2 - 4*o - 1. Let q be m(k). Let x = q - -27. Calculate the remainder when 82 is divided by x.
19
What is the remainder when 131 is divided by (6 - (-114)/(-12))*-14?
33
Suppose -4*u = -2 - 2, -88 = -2*b - 2*u. Suppose -5*f + 2*t = -51, 0 = -f - 4*f + 5*t + 45. Calculate the remainder when b is divided by f.
10
Let f(t) = -t**2 + 10*t - 9. Suppose -28 = -7*h + 469. Calculate the remainder when h is divided by f(6).
11
Let f(c) = -c**3 + 2*c**2 + 7*c - 10. Let i be f(-5). Suppose -5*d = 25, 5*b - i = 5*d + 15. Calculate the remainder when 94 is divided by b.
22
Let x = -266 + 329. What is the remainder when x is divided by 15?
3
Let h = -565 - -584. Calculate the remainder when 645 is divided by h.
18
Let m(x) = -x**2 - x + 51. Let r be m(6). Let a = 15 + -8. Suppose r*s - a*s = 36. What is the remainder when s is divided by 5?
3
Suppose -3*k + 5*w - 19 = 0, 5*k - 4*w + 9*w - 35 = 0. Suppose 0 = -4*h + 8, k*q + 52 = 5*q - h. Calculate the remainder when 49 is divided by q.
13
Suppose -5*w + 3*y + 27 = 0, -2*w - 3*y + 10 = -5. Calculate the remainder when w is divided by 2.
0
Suppose 2371 - 535 = -17*o. Let x = o + 127. What is the remainder when 69 is divided by x?
12
Suppose 3*a = 22 - 1. Suppose 0 = a*c - 425 - 317. What is the remainder when c is divided by 36?
34
Suppose 0 = -3*i + 72 + 99. Let o = 0 + 3. Calculate the remainder when i is divided by ((-15)/o)/((-4)/8).
7
Let m(y) = -y**3 - 11*y**2 - y - 13. Let n = 7 + -18. Let t be m(n). Let q(k) = -2*k**3 + k**2 + 2*k. Calculate the remainder when q(t) is divided by 7.
2
Suppose 121 = 3*v + 25. Let i(f) = 5*f + 10. Let p be i(-3). Let q = p + 16. Calculate the remainder when v is divided by q.
10
Let h = 131 - 144. Let w = h + 61. What is the remainder when 285 is divided by w?
45
Let t = 54 - 33. Suppose -5*r + 10 = -10. Calculate the remainder when r/(-18) + 1765/45 is divided by t.
18
Let q be (-8)/28 - 89/7. Let s = q + 32. Calculate the remainder when 93 is divided by s.
17
Suppose -5*u + 2*i + 190 = 0, 25*u + 76 = 27*u - 4*i. Suppose -5*p - 1 = -m + 24, -3*m - 3*p + 57 = 0. What is the remainder when u is divided by m?
18
Suppose -2*x + x + 3 = 0. Suppose -11 + x = -4*o. Suppose -o*j + 0*j + 20 = 0. Calculate the remainder when j is divided by 6.
4
Suppose 16*s - 5*s = 1034. What is the remainder when s is divided by 12?
10
Suppose 4*x + 5 = -3*c, 30 = 4*c - 0*c - 2*x. Calculate the remainder when c is divided by ((-130)/390)/(1/(-12)).
1
Let j(d) = -2*d**2 + 98*d - 97. Calculate the remainder when j(42) is divided by 158.
17
Suppose 2*b - 3*j = 7, -4*b + 6*j - 2*j + 12 = 0. What is the remainder when 22 is divided by b?
0
